{"id":1374,"date":"2023-05-16T15:30:34","date_gmt":"2023-05-16T15:30:34","guid":{"rendered":"https:\/\/www.greyhound.si\/?page_id=1374"},"modified":"2023-06-05T17:48:08","modified_gmt":"2023-06-05T17:48:08","slug":"property_management_si","status":"publish","type":"page","link":"https:\/\/www.greyhound.si\/?page_id=1374&lang=sl","title":{"rendered":"property_management_si"},"content":{"rendered":"<p>[et_pb_section fb_built=&#8221;1&#8243; _builder_version=&#8221;4.16&#8243; _module_preset=&#8221;default&#8221; background_color=&#8221;#0F3762&#8243; custom_padding=&#8221;0px|||||&#8221; global_colors_info=&#8221;{}&#8221;][et_pb_row column_structure=&#8221;1_2,1_2&#8243; _builder_version=&#8221;4.21.0&#8243; _module_preset=&#8221;default&#8221; global_colors_info=&#8221;{}&#8221;][et_pb_column type=&#8221;1_2&#8243; _builder_version=&#8221;4.16&#8243; _module_preset=&#8221;default&#8221; global_colors_info=&#8221;{}&#8221;][et_pb_text _builder_version=&#8221;4.21.0&#8243; _module_preset=&#8221;default&#8221; text_text_color=&#8221;#FFFFFF&#8221; text_font_size=&#8221;30px&#8221; text_line_height=&#8221;1em&#8221; header_text_color=&#8221;#FFFFFF&#8221; header_font_size=&#8221;37px&#8221; global_colors_info=&#8221;{}&#8221;][\/et_pb_text][et_pb_text _builder_version=&#8221;4.21.0&#8243; _module_preset=&#8221;default&#8221; text_text_color=&#8221;#FFFFFF&#8221; text_font_size=&#8221;1px&#8221; header_text_color=&#8221;#EA7B2E&#8221; header_font_size=&#8221;51px&#8221; hover_enabled=&#8221;0&#8243; global_colors_info=&#8221;{}&#8221; sticky_enabled=&#8221;0&#8243;]<\/p>\n<h1 style=\"text-align: left;\"><strong>Upravljanje nepremi\u010dnin<\/strong><\/h1>\n<p>[\/et_pb_text][\/et_pb_column][et_pb_column type=&#8221;1_2&#8243; _builder_version=&#8221;4.16&#8243; _module_preset=&#8221;default&#8221; global_colors_info=&#8221;{}&#8221;][\/et_pb_column][\/et_pb_row][et_pb_row column_structure=&#8221;3_5,2_5&#8243; _builder_version=&#8221;4.16&#8243; _module_preset=&#8221;default&#8221; global_colors_info=&#8221;{}&#8221;][et_pb_column type=&#8221;3_5&#8243; _builder_version=&#8221;4.16&#8243; _module_preset=&#8221;default&#8221; global_colors_info=&#8221;{}&#8221;][et_pb_text _builder_version=&#8221;4.21.0&#8243; _module_preset=&#8221;default&#8221; text_text_color=&#8221;#FFFFFF&#8221; hover_enabled=&#8221;0&#8243; inline_fonts=&#8221;Actor&#8221; global_colors_info=&#8221;{}&#8221; sticky_enabled=&#8221;0&#8243;]<\/p>\n<p><strong>Dobrodo\u0161li na strani Greyhound upravljanje nepremi\u010dnin.\u00a0\u00a0<\/strong><\/p>\n<blockquote>\n<p><span>V tem delu na\u0161e spletne strani boste na\u0161li ve\u010d podpodro\u010dij, med katerimi lahko izbirate. Na\u0161a ekipa je tukaj, da upravlja va\u0161e apartmaje na razli\u010dnih platformah in ima prisotnost tudi na na\u0161i lastni platformi <span style=\"color: #ffffff;\"><a href=\"https:\/\/www.greyhound.si\/?page_id=113&amp;lang=en\" style=\"color: #ffffff;\"> <\/a><strong><a href=\"https:\/\/www.greyhound.si\/?page_id=113&amp;lang=en\">Booking Prekmurje | GREYHOUND.SI<\/a><\/strong><\/span>. Na\u0161e storitve vklju\u010dujejo tudi \u010di\u0161\u010denje, okra\u0161evanje in obnovo.<\/span><\/p>\n<\/blockquote>\n<p><span>Prosimo, vzemite si \u010das in jih preglejte. \u010ce v seznamu storitev ne najdete tega, kar potrebujete, nas za takoj\u0161en odziv kontaktirajte preko na\u0161ega klepeta na dnu strani desno. Prav tako nas lahko kontaktirate po elektronski po\u0161ti na naslov <\/span> <a href=\"mailto:contact@greyhound.si\">contact@greyhound.si<\/a>.<\/p>\n<p><span>Ve\u010dinoma govorimo angle\u0161ko, vendar vas to ne odvrne, saj imamo tudi slovenske sodelavce, ki vam bodo odgovorili.<\/span><\/p>\n<blockquote>\n<p><span>Izkoristite svoje nepremi\u010dnine do maksimuma. Skupaj vam lahko zagotovimo pasiven vir dohodka, ki ga boste lahko u\u017eivali brez te\u017eav, razburjenja in skrbi.<\/span><\/p>\n<\/blockquote>\n<p>&nbsp;<\/p>\n<p>[\/et_pb_text][\/et_pb_column][et_pb_column type=&#8221;2_5&#8243; _builder_version=&#8221;4.16&#8243; _module_preset=&#8221;default&#8221; global_colors_info=&#8221;{}&#8221;][et_pb_image src=&#8221;https:\/\/www.greyhound.si\/wp-content\/uploads\/2023\/04\/home_property.jpg&#8221; title_text=&#8221;home_property&#8221; _builder_version=&#8221;4.20.4&#8243; _module_preset=&#8221;default&#8221; border_style_all=&#8221;none&#8221; global_colors_info=&#8221;{}&#8221;][\/et_pb_image][\/et_pb_column][\/et_pb_row][\/et_pb_section][et_pb_section fb_built=&#8221;1&#8243; _builder_version=&#8221;4.20.4&#8243; _module_preset=&#8221;default&#8221; background_color=&#8221;#FFFFFF&#8221; custom_padding=&#8221;0px|||||&#8221; global_colors_info=&#8221;{}&#8221;][et_pb_row column_structure=&#8221;1_3,1_3,1_3&#8243; make_equal=&#8221;on&#8221; _builder_version=&#8221;4.20.4&#8243; _module_preset=&#8221;default&#8221; global_colors_info=&#8221;{}&#8221;][et_pb_column type=&#8221;1_3&#8243; _builder_version=&#8221;4.20.4&#8243; _module_preset=&#8221;default&#8221; global_colors_info=&#8221;{}&#8221;][et_pb_testimonial author=&#8221;Andreja &#8211; Slovenija&#8221; job_title=&#8221;Gost &#8211; Moravske Toplice&#8221; portrait_url=&#8221;https:\/\/www.greyhound.si\/wp-content\/uploads\/2023\/04\/E202_11.jpg&#8221; quote_icon_color=&#8221;#FFFFFF&#8221; quote_icon_background_color=&#8221;#000000&#8243; font_icon=&#8221;&#x7b;||divi||400&#8243; _builder_version=&#8221;4.21.0&#8243; _module_preset=&#8221;default&#8221; background_color=&#8221;#EA7B2E&#8221; background_layout=&#8221;dark&#8221; global_colors_info=&#8221;{}&#8221;]<\/p>\n<p><span>Dobra lokacija, novo pohi\u0161tvo, \u010disto\u010da, popust na vstopnice za VIVAT spa bazene, na voljo so tudi kolesa.<\/span><\/p>\n<p>10\/10 na Booking.com<\/p>\n<p>[\/et_pb_testimonial][\/et_pb_column][et_pb_column type=&#8221;1_3&#8243; _builder_version=&#8221;4.20.4&#8243; _module_preset=&#8221;default&#8221; global_colors_info=&#8221;{}&#8221;][et_pb_testimonial author=&#8221;Damjan S&#8221; job_title=&#8221;Gost &#8211; Moravske Toplice&#8221; company_name=&#8221; &#8221; portrait_url=&#8221;https:\/\/www.greyhound.si\/wp-content\/uploads\/2023\/04\/E008_6.jpg&#8221; quote_icon_color=&#8221;#FFFFFF&#8221; quote_icon_background_color=&#8221;#000000&#8243; font_icon=&#8221;&#x7b;||divi||400&#8243; _builder_version=&#8221;4.21.0&#8243; _module_preset=&#8221;default&#8221; background_color=&#8221;#0F3762&#8243; background_layout=&#8221;dark&#8221; global_colors_info=&#8221;{}&#8221;]<\/p>\n<p><span>Vse je bilo popolno! Tako nadaljujte. To je bilo moje drugo bivanje in bil sem popolnoma zadovoljen.<\/span> <\/p>\n<p>10\/10 na Booking.com<\/p>\n<p>[\/et_pb_testimonial][\/et_pb_column][et_pb_column type=&#8221;1_3&#8243; _builder_version=&#8221;4.20.4&#8243; _module_preset=&#8221;default&#8221; global_colors_info=&#8221;{}&#8221;][et_pb_testimonial author=&#8221;Yulia&#8221; job_title=&#8221;Gost &#8211; Budimpe\u0161ta&#8221; company_name=&#8221; &#8221; portrait_url=&#8221;https:\/\/www.greyhound.si\/wp-content\/uploads\/2023\/04\/D024_6.jpg&#8221; quote_icon_color=&#8221;#FFFFFF&#8221; quote_icon_background_color=&#8221;#000000&#8243; font_icon=&#8221;&#x7b;||divi||400&#8243; _builder_version=&#8221;4.20.4&#8243; _module_preset=&#8221;default&#8221; background_color=&#8221;#EA7B2E&#8221; background_layout=&#8221;dark&#8221; global_colors_info=&#8221;{}&#8221;]<\/p>\n<p><span>Melanie je odli\u010dna gostiteljica, poskrbela je za moje te\u017eave in je bila takoj na voljo.<\/span><\/p>\n<p>&nbsp;<\/p>\n<p>10\/10 na Booking.com<\/p>\n<p>[\/et_pb_testimonial][\/et_pb_column][\/et_pb_row][\/et_pb_section]<\/p>\n","protected":false},"excerpt":{"rendered":"<p>Upravljanje nepremi\u010dninDobrodo\u0161li na strani Greyhound upravljanje nepremi\u010dnin.\u00a0\u00a0 V tem delu na\u0161e spletne strani boste na\u0161li ve\u010d podpodro\u010dij, med katerimi lahko izbirate. Na\u0161a ekipa je tukaj, da upravlja va\u0161e apartmaje na razli\u010dnih platformah in ima prisotnost tudi na na\u0161i lastni platformi Booking Prekmurje | GREYHOUND.SI. Na\u0161e storitve vklju\u010dujejo tudi \u010di\u0161\u010denje, okra\u0161evanje in obnovo. Prosimo, vzemite si [&hellip;]<\/p>\n","protected":false},"author":1,"featured_media":0,"parent":0,"menu_order":0,"comment_status":"closed","ping_status":"closed","template":"","meta":{"_et_pb_use_builder":"on","_et_pb_old_content":"","_et_gb_content_width":"","footnotes":""},"class_list":["post-1374","page","type-page","status-publish","hentry"],"_links":{"self":[{"href":"https:\/\/www.greyhound.si\/index.php?rest_route=\/wp\/v2\/pages\/1374","targetHints":{"allow":["GET"]}}],"collection":[{"href":"https:\/\/www.greyhound.si\/index.php?rest_route=\/wp\/v2\/pages"}],"about":[{"href":"https:\/\/www.greyhound.si\/index.php?rest_route=\/wp\/v2\/types\/page"}],"author":[{"embeddable":true,"href":"https:\/\/www.greyhound.si\/index.php?rest_route=\/wp\/v2\/users\/1"}],"replies":[{"embeddable":true,"href":"https:\/\/www.greyhound.si\/index.php?rest_route=%2Fwp%2Fv2%2Fcomments&post=1374"}],"version-history":[{"count":8,"href":"https:\/\/www.greyhound.si\/index.php?rest_route=\/wp\/v2\/pages\/1374\/revisions"}],"predecessor-version":[{"id":2248,"href":"https:\/\/www.greyhound.si\/index.php?rest_route=\/wp\/v2\/pages\/1374\/revisions\/2248"}],"wp:attachment":[{"href":"https:\/\/www.greyhound.si\/index.php?rest_route=%2Fwp%2Fv2%2Fmedia&parent=1374"}],"curies":[{"name":"wp","href":"https:\/\/api.w.org\/{rel}","templated":true}]}}